 What is the highest common factor of h and 54?
6
Suppose -80*z = -53*z - 64719. What is the highest common factor of z and 17?
17
Suppose -18 = -3*d + d. Let t be (44/(-36) - -1) + 332/36. What is the highest common divisor of d and t?
9
Let p be 0 + (456/3 - (-1 - -3)). What is the highest common factor of 525 and p?
75
Suppose -p - 21 = 3*z, 5*z = -5*p + 2*z - 69. Let x be 41 - (p/21 - 40/28). What is the greatest common divisor of x and 43?
43
Suppose -h + 3*k - 17 = -3*h, -5*k + 12 = h. Suppose -2*g + h*g = 120. Let z = 86 - 50. Calculate the greatest common divisor of z and g.
12
Suppose 5*k - 5*u - 11 = 14, 0 = u + 5. Suppose k = 5*q - 8 - 2. Suppose 0 = p + 3*p + 3*a - 8, 4*a + 6 = -q*p. Calculate the highest common factor of p and 15.
5
Let f = 53 + -43. Suppose 50 = -3*j + 200. Calculate the highest common divisor of f and j.
10
Suppose -76*o + 2610 = -47*o. What is the greatest common factor of o and 144?
18
Let b(h) be the third derivative of -h**5/60 - 5*h**4/12 + 2*h**3 + 11*h**2. Let p be b(-9). Calculate the highest common divisor of 21 and p.
21
Let j(c) = 4*c + 4. Let m be j(-2). Let x be (5/m)/(2/8). Let b(r) = r**3 + 6*r**2 + 3*r + 1. Let y be b(x). Calculate the highest common factor of y and 66.
11
Let z(r) = -r**2 + 17*r + 12. Let p be z(17). Suppose -42 = -p*t + 78. Calculate the greatest common divisor of t and 90.
10
Let l(m) = m**3 - 4*m**2 - 2*m + 3. Let c be l(5). Calculate the greatest common factor of c and 27.
9
Let w(v) = -v**3 + 12*v**2 - 9*v + 1. Let m be w(11). What is the highest common divisor of 184 and m?
23
Suppose 8*a = 2*a + 30. Let o = a + 193. Calculate the highest common factor of o and 18.
18
Let t = 774 + -446. Suppose 6*l - l = -5*h - 1680, -h - 3*l - t = 0. Let x be ((-15)/10)/(6/h). What is the greatest common divisor of 17 and x?
17
Let k = 97 + -307. Suppose 8 = -5*j - 52. Let h be k/j - 2/(-4). Calculate the greatest common factor of h and 18.
18
Suppose 7*t - 14 = 5*t. Suppose -t*u = -2*u - 50. What is the greatest common factor of u and 15?
5
Suppose -14*k - 143 = -t - 10*k, -4*t = -3*k - 585. Suppose -3*y + 60 = -3*m, 2*m - 7*m + 89 = 4*y. What is the greatest common divisor of t and y?
21
Let g(l) = 86*l - 2. Let u = 10 + -6. Suppose -p - u = -5*p. Let d be g(p). Calculate the greatest common divisor of d and 28.
28
Let g(c) = c**3 + 4*c**2 + 4*c + 11. Let m be g(-4). Let i be (267/9 + m)*(-30)/(-4). What is the greatest common factor of i and 37?
37
Let a = -605 + 615. Calculate the greatest common divisor of a and 26.
2
Let r be (3 + -63)*(-1 + (-1)/(-3)). Let o = -30 + r. What is the highest common factor of o and 80?
10
Let b = -75 + 77. Suppose m - 98 = 2*t, b*m = 2*t + 3*t + 193. What is the greatest common divisor of 8 and m?
8
Suppose 3*v = 4*v - 36. Let a(l) = 12*l + 516. Let u be a(-38). What is the greatest common divisor of v and u?
12
Let c(f) = -f**3 + 10*f**2 + f + 5. Let z(h) = h**2 + 9*h + 7. Let l be z(-8). Let m = 10 + l. Let w be c(m). Calculate the highest common divisor of 19 and w.
19
Suppose -2*w = 10, 73 = -5*z + 3*w - 127. Let q = -17 - z. Calculate the greatest common factor of q and 130.
26
Let t = 524 - 111. What is the greatest common factor of 7 and t?
7
Suppose 455 = 12*c - 7*c - 5*q, -465 = -5*c + 3*q. Calculate the greatest common divisor of 48 and c.
48
Suppose 5*y - 84 - 18 = 3*p, -5*p - 16 = -y. Let z = 188 - 132. Suppose h = -3*h + z. What is the highest common factor of y and h?
7
Suppose -65 - 13 = -3*c. Let g = c + -8. Calculate the highest common factor of 72 and g.
18
Suppose -2*m + 2 = -2. Suppose 2*h + h - 16 = -4*j, -3*h - m*j + 20 = 0. Suppose -t + 7 = -1. Calculate the highest common divisor of h and t.
8
Suppose 5*y - 36 = -4*y. Suppose 4*i - 268 = 2*i - 4*d, 0 = -5*i - y*d + 652. Suppose 4 = 2*h - 28. What is the greatest common factor of h and i?
16
Let x be (-12)/(-30) - (-54)/(-10). Let b(q) = -q**3 - 5*q**2 - 5*q - 2. Let j be b(x). Let r = -13 + j. What is the greatest common factor of r and 2?
2
Let a be (-271)/(-3) - (-30)/45. What is the greatest common factor of a and 26?
13
Let r be 814/8 - 2/(-8). Let b(j) = j**2 + 17*j - 76. Let y be b(-22). What is the greatest common divisor of y and r?
34
Suppose -5*u + 45 = -5*h, 0 = 4*u + 4*h - 1 - 11. Let m be (-5)/((-35)/u)*(15 + -1). Calculate the greatest common divisor of m and 12.
12
Suppose -16*o + z - 18 = -21*o, 5*z - 2 = -3*o. Calculate the greatest common factor of 176 and o.
4
Suppose 1524 = 4*b + 4*u, -9*b + 1142 = -6*b + 2*u. Suppose 2*d + 5*k = 74 + 12, -146 = -4*d + 3*k. Calculate the highest common divisor of b and d.
38
Suppose -2 = -35*d + 33*d. Calculate the greatest common divisor of d and 16.
1
Suppose 2*j - 2*z = 2*z + 462, -462 = -2*j - 3*z. Let o = j - 140. Calculate the highest common factor of o and 13.
13
Suppose n - 8 = -5*b + 14, -n + 4 = -4*b. Calculate the greatest common divisor of n and 156.
12
Suppose 1163 = -0*j + 4*j - 5*y, -2*j = 2*y - 586. Let o = j + -68. What is the greatest common factor of o and 28?
28
Let p = 157 - 122. Calculate the greatest common factor of 280 and p.
35
Let f(m) = -25*m - 221. Let d be f(-9). What is the greatest common divisor of 20 and d?
4
Let b(j) = 3*j**3 - 5*j**2 - 4*j - 1. Let m be b(4). Calculate the greatest common divisor of 19 and m.
19
Let i = -39 + 41. Let k be i/3 - 32/(-6). What is the highest common divisor of k and 3?
3
Suppose 3 + 3 = -3*v. Let j be (v - -26) + 2 + 1. Suppose -3*g + j = 5*o - 38, 0 = 2*g + 10. What is the highest common divisor of 128 and o?
16
Suppose -46920 = -16*w + 3480. What is the highest common divisor of 42 and w?
42
Let h = -103 + 107. Suppose -k = 3*t - 148, h = -4*t + 24. What is the greatest common factor of 7 and k?
7
Let m(x) = -x**2 - x + 8. Let g be m(0). Let v be -4*(0 + (-14)/g). Let p be 2/(-3)*(-6)/4. What is the highest common divisor of v and p?
1
Suppose n + 4*n - 1097 = u, 865 = 4*n - 5*u. What is the highest common divisor of 44 and n?
44
Let p be (-8)/(-10) + (-726)/(-30). Suppose 0 = -14*s + 18*s - 20. What is the greatest common divisor of s and p?
5
Let p(x) = x**2 - x - 6. Let h be p(14). Suppose -4*i + 193 = 5*l, -i + h = 5*l - 26. Calculate the highest common divisor of l and 328.
41
Suppose -31*s = -29*s - 114. Let q = s - 56. Calculate the highest common divisor of q and 5.
1
Suppose 4*h + 0*i = -2*i + 122, -93 = -3*h - i. Calculate the greatest common factor of 92 and h.
4
Suppose -5*y + 5*z = 61 - 701, 4*y + 5*z - 557 = 0. What is the greatest common divisor of y and 57?
19
Let v = 15 - 7. Suppose y + 40 = 42. Calculate the greatest common divisor of v and y.
2
Suppose 69 = -v + 245. What is the highest common factor of 132 and v?
44
Suppose 0 = 3*d - 2 - 19. Suppose -280 = 33*y - 37*y. Calculate the greatest common divisor of y and d.
7
Let h be (1/(-3))/((-10)/180) - -2. Let w be (1 - h/10) + 54/30. Calculate the highest common divisor of w and 2.
2
Let o(x) = -5*x. Let z be o(1). Let q be (-14)/3*(-540)/(-42). Let i be ((-6)/z)/((-4)/q). What is the highest common factor of i and 72?
18
Suppose -75 = -5*n + 290. Let v = -47 + n. Calculate the greatest common divisor of 182 and v.
26
Let w(r) = r + 9. Let n be w(6). Let h be (-1)/(1/(0 - 5)). What is the highest common divisor of h and n?
5
Suppose 336 = -0*x + 4*x. Let d be (-6)/14 - 3000/(-140). Calculate the highest common factor of d and x.
21
Suppose 5*n + 5*t = -15, 4*n + 2*t - 7*t = -12. Let y(h) = -6*h - 14. Let m be y(n). Calculate the greatest common divisor of 1 and m.
1
Let o(t) = 5*t - 6. Let q be o(5). Let d = 7 + -5. Suppose d*w - 3*w - 2*n + 23 = 0, 2*n = w - 15. What is the greatest common factor of q and w?
19
Suppose -26*j = -3034 - 944. Calculate the highest common factor of j and 85.
17
Let f be 93 - 1*(0 + 3). Suppose i + 6*i - 84 = 0. Let a be (i/(-18))/(2/(-54)). Calculate the highest common factor of f and a.
18
Let t be ((-12768)/63 - 4/(-6))/(-2). Let n = t + -68. What is the greatest common factor of 11 and n?
11
Suppose 0 = o - 43 + 11. What is the highest common factor of o and 96?
32
Let z(b) = -b**3 + 3*b**2 - 2*b + 2. Let m be z(2). Let o be 1 + (m - -3*9). Let j = 59 + -53. What is the highest common factor of j and o?
6
Suppose -134*k - 165 = -145*k. Calculate the